v + 3 + 10*v. Let k(z) = 3*z + 3. Let w(f) = -2*d(f) + 5*k(f). Let o be w(-3). Let t(u) = -u**3 + u**2 + 2*u. Calculate t(o).
8
Let z(y) = 7*y**2 + y. Let p be z(-1). Let h(o) = -o**2 + 8*o - 4. Give h(p).
8
Suppose 5*j = -8 - 7. Let z(b) = -b**3 - b**2 + 5*b + 3. Determine z(j).
6
Let b(t) = 2*t**2 - 2*t - 3. Let v be b(-2). Let m = v + -5. Let o(w) = -w**3 + 4*w**2 + w. Give o(m).
4
Let u(i) = -26*i**2 - 8 + 50*i**2 - 6*i - 23*i**2. Determine u(8).
8
Let j = 50 + -52. Let w(p) = 2*p + 3. What is w(j)?
-1
Let d(y) = -y**3 - 6*y**2 - 5*y + 1. Let u be d(-5). Let t(x) = -x + x - 7*x**2 + 0 + u. Determine t(1).
-6
Suppose 8 + 4 = 4*m. Let p(x) = -5*x**3 + x**2 - 4*x - 1. Let z(n) = 3*n**3 - n**2 + 2*n + 1. Let a(w) = -4*p(w) - 7*z(w). Calculate a(m).
3
Suppose -5*h + 3*s - 65 = 2*s, 4*h + 53 = s. Let d(f) = f**3 + 11*f**2 - 11*f + 6. Let n be d(h). Let r(y) = -y**3 - 7*y**2 - 7*y - 4. Calculate r(n).
2
Let c(b) = -9 + 0 + 0 + 4*b - 6*b. Calculate c(-6).
3
Let t(v) be the third derivative of v**5/60 - v**4/8 - 2*v**3/3 - 2*v**2 + 11. Let d be 6 + -1*2 + 1. Give t(d).
6
Let u(p) be the second derivative of 2*p**3/3 + 3*p**2/2 + p. What is u(-2)?
-5
Let o(n) = n - 5. Let w be 6/27 - 94/18. What is o(w)?
-10
Suppose -s = 6*s + 56. Let w(i) = -i - 10. Calculate w(s).
-2
Suppose 3*y + 4*u = -u - 25, -2*y - 2*u = 10. Suppose 0 = 3*o - y - 9. Let d be 6 + 2 - o/1. Let z(w) = -w + 1. Calculate z(d).
-4
Suppose 3*k + 6 - 9 = 0. Let v(r) be the first derivative of 2*r**2 - r**3 + 0*r - 1/4*r**4 - k. Give v(-4).
0
Let h(i) = -3*i + 6. Suppose -y - 6 = 18. Let l be y/(-20)*20/6. What is h(l)?
-6
Let m(n) = -17*n**3 + 2*n**2 - 2*n + 2. Let o(c) = -120*c**3 + 15*c**2 - 15*c + 15. Let y(z) = 15*m(z) - 2*o(z). What is y(-1)?
15
Let w(l) = 2*l - 4. Suppose 2*d - s - 39 = -2*d, 2*d = 4*s + 2. Let h = -6 + d. Calculate w(h).
6
Let r(v) be the third derivative of -v**9/60480 + v**8/10080 + v**5/30 - 4*v**2. Let o(l) be the third derivative of r(l). Determine o(2).
0
Let l(d) = 4*d**2 - 1. Let y(x) = 5*x**2 - 1. Let k(u) = 4*l(u) - 3*y(u). What is k(3)?
8
Let j be 13/4 + 2/(-8). Suppose 0 = r - 3 - j. Let y(n) = -7*n - 23. Let i(l) = 2*l + 6. Let k(u) = r*y(u) + 22*i(u). What is k(4)?
2
Let k(w) = -w**3 + 6*w**2 + 2*w - 6. Let h(n) = -n**3 + 8*n**2 + 11*n - 2. Let z be h(9). Let q = z - 10. Determine k(q).
6
Let l be -2*((3 - 8) + 2). Suppose -4*h + l*h - j = 13, -4 = -4*j. Let q(s) = -s**3 + 8*s**2 - 8*s + 6. Calculate q(h).
-1
Let x(h) = -h**2 + 2*h + 1. Suppose -3*j = -j - 2*f + 20, 0 = -3*j - 5*f - 22. Let t(l) = l + 12. Let i be t(j). Give x(i).
-2
Let c(j) = j - 4. Let z be c(4). Let u be 6/(-6)*(z + 0). Let l(w) = w + 3. Calculate l(u).
3
Let d = -144 + 144. Let r(o) be the third derivative of o**4/24 - 2*o**3/3 - 2*o**2. Give r(d).
-4
Let g(i) = -i - 3. Let f(l) = 2*l + 7. Let x(r) = 4*f(r) + 9*g(r). Let m(n) be the first derivative of -2*n**3/3 - n**2/2 + 2. Let u be m(1). Calculate x(u).
4
Let a = -59 - -62. Let k(q) = q**3 - 2*q**2 - q. Calculate k(a).
6
Let v(b) = -4*b**2 - 8*b + 4. Let x(s) = 3*s**2 + 8*s - 3. Let z(r) = 2*v(r) + 3*x(r). What is z(-6)?
-13
Suppose -o + 0 = 2*y - 11, 3*o = -5*y + 29. Let a(v) be the second derivative of -v**4/12 + v**3/2 + v**2 - 5*v. Determine a(o).
2
Suppose 3*f = 1 + 8. Let k(w) = 1 + w**3 - f*w**2 + 0*w**3 + 0*w**3 - w**2. Calculate k(2).
-7
Let o(v) = -v + 4. Let f be o(3). Let p be 64/5 - (-1)/5. Let l(n) = -11 + 16*n + 1 + f - p*n. What is l(6)?
9
Suppose 0 = -f - 0*f + 1. Let d(b) = 0 + 3*b - 4*b - f + 3*b. What is d(3)?
5
Suppose -5*a - 6 = f + 5, 3*f = -a + 9. Let b(y) = 3*y**3 - 3*y**2 + y + 3. Let z(p) = 7*p**3 - 5*p**2 + p + 5. Let g(i) = -5*b(i) + 2*z(i). Give g(f).
-1
Let r(h) = 8*h**2 + 5*h**3 + h - 4*h**3 + 2 + 0*h + 2. Let j be r(-8). Let p(y) be the third derivative of y**5/60 + y**4/6 - 2*y**3/3 - y**2. Give p(j).
-4
Let r(y) = y + 1. Let c(g) = g**3 - 13*g**2 + 13*g - 2. Let x be c(12). Calculate r(x).
11
Let p(a) = 9*a - 13. Suppose -2*y - 3*y = -35. Let d(x) = -5*x + 7. Let v(m) = y*d(m) + 4*p(m). Calculate v(2).
-1
Let f(r) = -r**2 + 9*r + 1. Suppose 8*y - 2*q = 4*y + 32, q + 28 = 4*y. What is f(y)?
19
Let b be 78/72 + -1 + 0. Let y(j) be the second derivative of -j + 3/2*j**2 - 1/2*j**3 - b*j**4 + 0. Determine y(-3).
3
Let r(y) = -y**3 + y**2. Let d(h) = h + 1. Let l(f) = -d(f) - r(f). Calculate l(2).
1
Suppose -18 = -4*c - 5*a - 0*a, 5*c + 2*a - 14 = 0. Let i(d) = 2*d**2 - d - 2. Determine i(c).
4
Let l be ((8/(-14))/(36/(-126)))/4. Let a(o) be the second derivative of -l*o**2 + o + 0 - 1/3*o**3. Calculate a(3).
-7
Let o(a) = -11*a + 15. Let c(i) = 5*i - 7. Let u(v) = -5*c(v) - 2*o(v). Let j = 6 - 2. What is u(j)?
-7
Let n(k) = -4*k**2 + 10*k - 8. Let j(q) = -q**2 + q - 1. Let l(v) = -3*j(v) + n(v). Calculate l(4).
7
Let u be ((-4)/(-6))/(-1) - 30/9. Let d(q) = -q**2 - 6*q - 3. Determine d(u).
5
Let c(j) = -3 - 3 + 0*j - 3*j. Let f(v) = -v**3 + v**2 - v - 4. Let p be f(0). What is c(p)?
6
Suppose 7*y + 3 = -11. Let p(i) = -2 + i**3 + 3*i**2 - 5*i + i + 2*i. Give p(y).
6
Suppose -2 = 4*n + 6. Let h(q) = q**2 - q + 1. Let g(o) = -3*o**2 + o - 7. Let c(k) = -g(k) - 4*h(k). What is c(n)?
-7
Suppose -3*w + 3*w = -2*w. Let v(y) = -y - 4. Give v(w).
-4
Let d = 4 - 9. Let b be -1*(-3)/(3/d). Let a(h) = -h**2 - 7*h - 5. Let i(n) = 1. Let c(g) = a(g) + 2*i(g). What is c(b)?
7
Let b(d) = d**3 + 10*d**2 + 5. Suppose -4*f + f - 30 = 0. Calculate b(f).
5
Let o(k) = -10*k**2 + 0*k + 2*k + 7*k**2 + 8*k**2 - 1. Determine o(1).
6
Suppose 3 = 3*r + 6. Suppose 4*o - 2*o = 4. Let p(t) = -1 - 5*t**2 - 4*t**3 + 5*t**o. Give p(r).
3
Let v(x) = 7*x - 9. Let r(s) = 20*s - 26. Let i(u) = 6*r(u) - 17*v(u). Let n = -10 - -10. Calculate i(n).
-3
Let q(y) = y**3 - 5*y**2 - 3. Let k be ((-3)/2)/((-9)/6). Let x(i) = -i**2. Let n(m) = k*q(m) - x(m). Determine n(3).
-12
Suppose 0 + 1 = g + 2*m, 4*g - 15 = 3*m. Suppose g*t - 3 = -b, 0 = -2*t + 3*t + 3*b - 1. Let u(d) = -5*d**2 + d - 1. Determine u(t).
-5
Let u(i) = 2*i. Let d(p) = -p**3 - 13*p**2 - 11*p - 14. Let k(h) = -h**2 + h - 1. Let j(n) = -d(n) + k(n). Let s be j(-11). Determine u(s).
4
Let u(q) be the third derivative of -q**5/120 - q**4/2 - q**3/6 - 6*q**2. Let g(i) be the first derivative of u(i). Suppose 6 = -5*b - 24. Determine g(b).
-6
Let l(b) = 2*b**3 + 2*b**2 + 5*b + 3. Let m(p) = 3*p**3 + 5*p**2 + 9*p + 5. Let u(h) = 5*l(h) - 3*m(h). What is u(5)?
-10
Suppose 2*n - 30 = 5*u, -5*n = -0*n - 3*u - 37. Let d(i) be the second derivative of -i**3/2 + 2*i**2 + 2*i. Give d(n).
-11
Let x = 17 - 5. Suppose -x = -i - 2*i. Suppose 0 = -2*t + i*t. Let a(o) = o**3 + o**2 - o + 8. Calculate a(t).
8
Let j(d) be the second derivative of d**4/12 - d**3/6 - d**2 + 4*d. Suppose 2*g - 1 = 3*g. Let b be 3*(g/3 - -1). What is j(b)?
0
Let u = -1 + 4. Suppose -5*d - 8 = -t + 2, -2*t - u*d - 6 = 0. Let k(z) = z**2 + 1. Let j(x) = 3*x**2 + x + 4. Let b(c) = j(c) - 4*k(c). Calculate b(t).
0
Let y(a) be the third derivative of a**6/60 - a**5/60 - a**4/12 - a**3/6 - 3*a**2. Give y(-1).
-2
Let x(d) = 4*d**3 + 6*d**2 - d - 3. Let i(k) = -7 - 3*k - 4*k**2 + 4*k - 5*k**3 - 3*k**2 + 10. Let v(n) = 5*i(n) + 6*x(n). Let z be 0/(1 - 0/1). Determine v(z).
-3
Let j(l) = l**2 - 4*l - 5. Let w be j(4). Let i(v) = -v**3 - 4*v**2 + 3*v - 4. Determine i(w).
6
Let f(l) be the second derivative of -l**5/20 - 5*l**4/12 - l**3/2 + l**2 - 7*l. Calculate f(-4).
-2
Let o be (17 + -2)/((-6)/4). Let n be o/(-6) + (-1)/(-3). Let y(v) = -v**3 + 2*v - 1. What is y(n)?
-5
Let l = 4 - 0. Let q(p) = -3 - p**2 + 0*p + l - p + 2*p. Determine q(-2).
-5
Suppose 5*u - 7 = 2*f - 3*f, 0 = 5*f - 3*u - 35. Let t(r) = r**2 - 6*r - 10. Let s be t(f). Let m(b) = -b**3 - 5*b**2 - 5*b - 3. What is m(s)?
-6
Let v(y) = -y**2 + 4*y + 4. Let l = 15 - 11. Suppose -4 = -l*h + 2*h. Suppose 5*d - 22 = -3*g, 2*d = -3*g + h*g + 8. Determine v(g).
4
Let y(o) = 11*o + 9. Let i(v) = 5*v + 4. Let t(z) = -9*i(z) + 4*y(z). Let x = 15 - 12. Determine t(x).
-3
Let d(v) = -v - 4. Let j be d(-6). Let y(r) = 4 - j*r - 2*r - 4 + 2*r**3 - 3. Let g(z) = z**2 + 9*z + 6. Let q be g(-8). Calculate y(q).
-11
Let f(c) be the second derivative of 1/20*c**5 - 2*c + 0 + 5/12*c**4 - 1/2*c**2 + 1/3*c**3. Suppose -4 = p + q, 4*q = -0*q. Calculate f(p).
7
Let c(t) = t